{"version":"1.0","provider_name":"Milestones","provider_url":"https:\/\/milniky2023.flaw.uniba.sk\/en","author_name":"Mat\u00fa\u0161 Mur\u00e1nsky","author_url":"https:\/\/milniky2023.flaw.uniba.sk\/en\/author\/muransky6\/","title":"Sekcia \u00fastavn\u00e9ho pr\u00e1va, te\u00f3rie pr\u00e1va a filozofie pr\u00e1va - Milniky","type":"rich","width":600,"height":338,"html":"<blockquote class=\"wp-embedded-content\" data-secret=\"N7Leei1V84\"><a href=\"https:\/\/milniky2023.flaw.uniba.sk\/en\/sekcia-ustavneho-prava-teorie-filozofie-prava\/\">Constitutional Law, Theory of Law\nand Philosophy of Law Section<\/a><\/blockquote><iframe sandbox=\"allow-scripts\" security=\"restricted\" src=\"https:\/\/milniky2023.flaw.uniba.sk\/en\/sekcia-ustavneho-prava-teorie-filozofie-prava\/embed\/#?secret=N7Leei1V84\" width=\"600\" height=\"338\" title=\"&#8220;Sekcia \u00fastavn\u00e9ho pr\u00e1va, te\u00f3rie pr\u00e1va a filozofie pr\u00e1va&#8221; &#8212; Milniky\" data-secret=\"N7Leei1V84\" frameborder=\"0\" marginwidth=\"0\" marginheight=\"0\" scrolling=\"no\" class=\"wp-embedded-content\"><\/iframe><script>\n\/*! This file is auto-generated *\/\n!function(d,l){\"use strict\";l.querySelector&&d.addEventListener&&\"undefined\"!=typeof URL&&(d.wp=d.wp||{},d.wp.receiveEmbedMessage||(d.wp.receiveEmbedMessage=function(e){var t=e.data;if((t||t.secret||t.message||t.value)&&!\/[^a-zA-Z0-9]\/.test(t.secret)){for(var s,r,n,a=l.querySelectorAll('iframe[data-secret=\"'+t.secret+'\"]'),o=l.querySelectorAll('blockquote[data-secret=\"'+t.secret+'\"]'),c=new RegExp(\"^https?:$\",\"i\"),i=0;i<o.length;i++)o[i].style.display=\"none\";for(i=0;i<a.length;i++)s=a[i],e.source===s.contentWindow&&(s.removeAttribute(\"style\"),\"height\"===t.message?(1e3<(r=parseInt(t.value,10))?r=1e3:~~r<200&&(r=200),s.height=r):\"link\"===t.message&&(r=new URL(s.getAttribute(\"src\")),n=new URL(t.value),c.test(n.protocol))&&n.host===r.host&&l.activeElement===s&&(d.top.location.href=t.value))}},d.addEventListener(\"message\",d.wp.receiveEmbedMessage,!1),l.addEventListener(\"DOMContentLoaded\",function(){for(var e,t,s=l.querySelectorAll(\"iframe.wp-embedded-content\"),r=0;r<s.length;r++)(t=(e=s[r]).getAttribute(\"data-secret\"))||(t=Math.random().toString(36).substring(2,12),e.src+=\"#?secret=\"+t,e.setAttribute(\"data-secret\",t)),e.contentWindow.postMessage({message:\"ready\",secret:t},\"*\")},!1)))}(window,document);\n\/\/# sourceURL=https:\/\/milniky2023.flaw.uniba.sk\/wp-includes\/js\/wp-embed.min.js\n<\/script>","description":"\u0160t\u00e1tne org\u00e1ny, demokracia a ob\u010dianska spolo\u010dnos\u0165 Obmedzen\u00fd re\u017eim p\u00f4sobnosti, v ktorom funguje odvolan\u00e1 vl\u00e1da po strate d\u00f4very parlamentu, otv\u00e1ra ve\u013ek\u00e9 mno\u017estvo praktick\u00fdch ot\u00e1zok a interpreta\u010dn\u00fdch probl\u00e9mov, a to tak vo vz\u0165ahu k pr\u00e1vomociam vl\u00e1dy samotnej, ako aj vo vz\u0165ahu k re\u017eimu jej spolupr\u00e1ce s hlavou \u0161t\u00e1tu. Pri relat\u00edvne dlhom p\u00f4soben\u00ed takejto vl\u00e1dy sa z\u00e1rove\u0148 otv\u00e1ra [&hellip;]"}

Matúš Muránsky

Sekcia ústavného práva, teórie práva a filozofie práva - Milniky

<blockquote class="wp-embedded-content" data-secret="N7Leei1V84"><a href="https://milniky2023.flaw.uniba.sk/en/sekcia-ustavneho-prava-teorie-filozofie-prava/">Constitutional Law, Theory of Law
and Philosophy of Law Section</a></blockquote><iframe sandbox="allow-scripts" security="restricted" src="https://milniky2023.flaw.uniba.sk/en/sekcia-ustavneho-prava-teorie-filozofie-prava/embed/#?secret=N7Leei1V84" width="600" height="338" title="&#8220;Sekcia ústavného práva, teórie práva a filozofie práva&#8221; &#8212; Milniky" data-secret="N7Leei1V84" frameborder="0" marginwidth="0" marginheight="0" scrolling="no" class="wp-embedded-content"></iframe><script>
/*! This file is auto-generated */
!function(d,l){"use strict";l.querySelector&&d.addEventListener&&"undefined"!=typeof URL&&(d.wp=d.wp||{},d.wp.receiveEmbedMessage||(d.wp.receiveEmbedMessage=function(e){var t=e.data;if((t||t.secret||t.message||t.value)&&!/[^a-zA-Z0-9]/.test(t.secret)){for(var s,r,n,a=l.querySelectorAll('iframe[data-secret="'+t.secret+'"]'),o=l.querySelectorAll('blockquote[data-secret="'+t.secret+'"]'),c=new RegExp("^https?:$","i"),i=0;i<o.length;i++)o[i].style.display="none";for(i=0;i<a.length;i++)s=a[i],e.source===s.contentWindow&&(s.removeAttribute("style"),"height"===t.message?(1e3<(r=parseInt(t.value,10))?r=1e3:~~r<200&&(r=200),s.height=r):"link"===t.message&&(r=new URL(s.getAttribute("src")),n=new URL(t.value),c.test(n.protocol))&&n.host===r.host&&l.activeElement===s&&(d.top.location.href=t.value))}},d.addEventListener("message",d.wp.receiveEmbedMessage,!1),l.addEventListener("DOMContentLoaded",function(){for(var e,t,s=l.querySelectorAll("iframe.wp-embedded-content"),r=0;r<s.length;r++)(t=(e=s[r]).getAttribute("data-secret"))||(t=Math.random().toString(36).substring(2,12),e.src+="#?secret="+t,e.setAttribute("data-secret",t)),e.contentWindow.postMessage({message:"ready",secret:t},"*")},!1)))}(window,document);
//# sourceURL=https://milniky2023.flaw.uniba.sk/wp-includes/js/wp-embed.min.js
</script>

Štátne orgány, demokracia a občianska spoločnosť Obmedzený režim pôsobnosti, v ktorom funguje odvolaná vláda po strate dôvery parlamentu, otvára veľké množstvo praktických otázok a interpretačných problémov, a to tak vo vzťahu k právomociam vlády samotnej, ako aj vo vzťahu k režimu jej spolupráce s hlavou štátu. Pri relatívne dlhom pôsobení takejto vlády sa zároveň otvára [&hellip;]
