{"id":140,"date":"2021-05-17T13:48:24","date_gmt":"2021-05-17T11:48:24","guid":{"rendered":"https:\/\/milniky.flaw.uniba.sk\/?page_id=140"},"modified":"2024-05-31T10:58:00","modified_gmt":"2024-05-31T08:58:00","slug":"sekcia-pracovneho-prava","status":"publish","type":"page","link":"https:\/\/milniky2023.flaw.uniba.sk\/en\/sekcia-pracovneho-prava\/","title":{"rendered":"Labour Law and Social Security Law Section"},"content":{"rendered":"<h2 class=\"wp-block-heading alignfull has-text-align-center\">Crises and their Influence on Employment Law<\/h2>\n\n\n\n<div class=\"wp-block-buttons is-content-justification-center is-layout-flex wp-container-core-buttons-is-layout-16018d1d wp-block-buttons-is-layout-flex\"><\/div>\n\n\n\n<p class=\"has-drop-cap has-primary-color has-text-color\">Recent years have been marked by a series of crisis situations that have affected the social and economic situation on a regional and global scale. The banking crisis caused by the crisis of values, increased economic and political migration, the global pandemic of the Covid 19 disease, the energy crisis and the war on the European continent call for a response on the part of society. The theme of the section is the impact of crisis situations on labour law, health law and social security law and an analysis of the challenges the aforementioned legal disciplines are facing.<\/p>\n\n\n\n<p><strong>Guarantors of the section: <\/strong><\/p>\n\n\n\n<p>doc. JUDr. Lenka Freel, PhD.<\/p>\n\n\n\n<p>JUDr. Pavol Rak, PhD.<\/p>\n\n\n\n<p><\/p>","protected":false},"excerpt":{"rendered":"<p>Kr\u00edzy a ich vplyv na pracovn\u00e9 pr\u00e1vo Posledn\u00e9 roky s\u00fa pozna\u010den\u00e9 s\u00e9riou kr\u00edzov\u00fdch situ\u00e1ci\u00ed, ktor\u00e9 ovplyvnili spolo\u010densk\u00fa a ekonomick\u00fa situ\u00e1ciu v region\u00e1lnom i celosvetovom meradle. Bankov\u00e1 kr\u00edza vyvolan\u00e1 kr\u00edzou hodn\u00f4t, zv\u00fd\u0161en\u00e1 ekonomick\u00e1 a politick\u00e1 migr\u00e1cia, celosvetov\u00e1 pand\u00e9mia ochorenia Covid 19, energetick\u00e1 kr\u00edza a vojna na eur\u00f3pskom kontinente vyvol\u00e1vaj\u00fa potrebu reakcie zo strany spolo\u010dnosti. T\u00e9mou sekcie [&hellip;]<\/p>\n","protected":false},"author":2,"featured_media":0,"parent":0,"menu_order":0,"comment_status":"closed","ping_status":"closed","template":"","meta":{"footnotes":""},"class_list":["post-140","page","type-page","status-publish","hentry"],"yoast_head":"<!-- This site is optimized with the Yoast SEO plugin v27.2 - https:\/\/yoast.com\/product\/yoast-seo-wordpress\/ -->\n<title>Sekcia pracovn\u00e9ho pr\u00e1va a pr\u00e1va soci\u00e1lneho zabezpe\u010denia - Milniky<\/title>\n<meta name=\"robots\" content=\"noindex, follow, max-snippet:-1, max-image-preview:large, max-video-preview:-1\" \/>\n<meta property=\"og:locale\" content=\"en_US\" \/>\n<meta property=\"og:type\" content=\"article\" \/>\n<meta property=\"og:title\" content=\"Sekcia pracovn\u00e9ho pr\u00e1va a pr\u00e1va soci\u00e1lneho zabezpe\u010denia - Milniky\" \/>\n<meta property=\"og:description\" content=\"Kr\u00edzy a ich vplyv na pracovn\u00e9 pr\u00e1vo Posledn\u00e9 roky s\u00fa pozna\u010den\u00e9 s\u00e9riou kr\u00edzov\u00fdch situ\u00e1ci\u00ed, ktor\u00e9 ovplyvnili spolo\u010densk\u00fa a ekonomick\u00fa situ\u00e1ciu v region\u00e1lnom i celosvetovom meradle. Bankov\u00e1 kr\u00edza vyvolan\u00e1 kr\u00edzou hodn\u00f4t, zv\u00fd\u0161en\u00e1 ekonomick\u00e1 a politick\u00e1 migr\u00e1cia, celosvetov\u00e1 pand\u00e9mia ochorenia Covid 19, energetick\u00e1 kr\u00edza a vojna na eur\u00f3pskom kontinente vyvol\u00e1vaj\u00fa potrebu reakcie zo strany spolo\u010dnosti. T\u00e9mou sekcie [&hellip;]\" \/>\n<meta property=\"og:url\" content=\"https:\/\/milniky2023.flaw.uniba.sk\/en\/sekcia-pracovneho-prava\/\" \/>\n<meta property=\"og:site_name\" content=\"Milniky\" \/>\n<meta property=\"article:modified_time\" content=\"2024-05-31T08:58:00+00:00\" \/>\n<meta name=\"twitter:card\" content=\"summary_large_image\" \/>\n<meta name=\"twitter:label1\" content=\"Est. reading time\" \/>\n\t<meta name=\"twitter:data1\" content=\"1 minute\" \/>\n<script type=\"application\/ld+json\" class=\"yoast-schema-graph\">{\"@context\":\"https:\/\/schema.org\",\"@graph\":[{\"@type\":\"WebPage\",\"@id\":\"https:\/\/milniky2023.flaw.uniba.sk\/sekcia-pracovneho-prava\/\",\"url\":\"https:\/\/milniky2023.flaw.uniba.sk\/sekcia-pracovneho-prava\/\",\"name\":\"Sekcia pracovn\u00e9ho pr\u00e1va a pr\u00e1va soci\u00e1lneho zabezpe\u010denia - Milniky\",\"isPartOf\":{\"@id\":\"https:\/\/milniky2023.flaw.uniba.sk\/#website\"},\"datePublished\":\"2021-05-17T11:48:24+00:00\",\"dateModified\":\"2024-05-31T08:58:00+00:00\",\"breadcrumb\":{\"@id\":\"https:\/\/milniky2023.flaw.uniba.sk\/sekcia-pracovneho-prava\/#breadcrumb\"},\"inLanguage\":\"en-US\",\"potentialAction\":[{\"@type\":\"ReadAction\",\"target\":[\"https:\/\/milniky2023.flaw.uniba.sk\/sekcia-pracovneho-prava\/\"]}]},{\"@type\":\"BreadcrumbList\",\"@id\":\"https:\/\/milniky2023.flaw.uniba.sk\/sekcia-pracovneho-prava\/#breadcrumb\",\"itemListElement\":[{\"@type\":\"ListItem\",\"position\":1,\"name\":\"Home\",\"item\":\"https:\/\/milniky2023.flaw.uniba.sk\/\"},{\"@type\":\"ListItem\",\"position\":2,\"name\":\"Sekcia pracovn\u00e9ho pr\u00e1va a pr\u00e1va soci\u00e1lneho zabezpe\u010denia\"}]},{\"@type\":\"WebSite\",\"@id\":\"https:\/\/milniky2023.flaw.uniba.sk\/#website\",\"url\":\"https:\/\/milniky2023.flaw.uniba.sk\/\",\"name\":\"Milniky\",\"description\":\"\",\"publisher\":{\"@id\":\"https:\/\/milniky2023.flaw.uniba.sk\/#organization\"},\"potentialAction\":[{\"@type\":\"SearchAction\",\"target\":{\"@type\":\"EntryPoint\",\"urlTemplate\":\"https:\/\/milniky2023.flaw.uniba.sk\/?s={search_term_string}\"},\"query-input\":{\"@type\":\"PropertyValueSpecification\",\"valueRequired\":true,\"valueName\":\"search_term_string\"}}],\"inLanguage\":\"en-US\"},{\"@type\":\"Organization\",\"@id\":\"https:\/\/milniky2023.flaw.uniba.sk\/#organization\",\"name\":\"Milniky\",\"url\":\"https:\/\/milniky2023.flaw.uniba.sk\/\",\"logo\":{\"@type\":\"ImageObject\",\"inLanguage\":\"en-US\",\"@id\":\"https:\/\/milniky2023.flaw.uniba.sk\/#\/schema\/logo\/image\/\",\"url\":\"https:\/\/milniky2023.flaw.uniba.sk\/wp-content\/uploads\/2024\/05\/sk-milniky-bc.png\",\"contentUrl\":\"https:\/\/milniky2023.flaw.uniba.sk\/wp-content\/uploads\/2024\/05\/sk-milniky-bc.png\",\"width\":3219,\"height\":845,\"caption\":\"Milniky\"},\"image\":{\"@id\":\"https:\/\/milniky2023.flaw.uniba.sk\/#\/schema\/logo\/image\/\"}}]}<\/script>\n<!-- \/ Yoast SEO plugin. -->","yoast_head_json":{"title":"Sekcia pracovn\u00e9ho pr\u00e1va a pr\u00e1va soci\u00e1lneho zabezpe\u010denia - Milniky","robots":{"index":"noindex","follow":"follow","max-snippet":"max-snippet:-1","max-image-preview":"max-image-preview:large","max-video-preview":"max-video-preview:-1"},"og_locale":"en_US","og_type":"article","og_title":"Sekcia pracovn\u00e9ho pr\u00e1va a pr\u00e1va soci\u00e1lneho zabezpe\u010denia - Milniky","og_description":"Kr\u00edzy a ich vplyv na pracovn\u00e9 pr\u00e1vo Posledn\u00e9 roky s\u00fa pozna\u010den\u00e9 s\u00e9riou kr\u00edzov\u00fdch situ\u00e1ci\u00ed, ktor\u00e9 ovplyvnili spolo\u010densk\u00fa a ekonomick\u00fa situ\u00e1ciu v region\u00e1lnom i celosvetovom meradle. Bankov\u00e1 kr\u00edza vyvolan\u00e1 kr\u00edzou hodn\u00f4t, zv\u00fd\u0161en\u00e1 ekonomick\u00e1 a politick\u00e1 migr\u00e1cia, celosvetov\u00e1 pand\u00e9mia ochorenia Covid 19, energetick\u00e1 kr\u00edza a vojna na eur\u00f3pskom kontinente vyvol\u00e1vaj\u00fa potrebu reakcie zo strany spolo\u010dnosti. T\u00e9mou sekcie [&hellip;]","og_url":"https:\/\/milniky2023.flaw.uniba.sk\/en\/sekcia-pracovneho-prava\/","og_site_name":"Milniky","article_modified_time":"2024-05-31T08:58:00+00:00","twitter_card":"summary_large_image","twitter_misc":{"Est. reading time":"1 minute"},"schema":{"@context":"https:\/\/schema.org","@graph":[{"@type":"WebPage","@id":"https:\/\/milniky2023.flaw.uniba.sk\/sekcia-pracovneho-prava\/","url":"https:\/\/milniky2023.flaw.uniba.sk\/sekcia-pracovneho-prava\/","name":"Sekcia pracovn\u00e9ho pr\u00e1va a pr\u00e1va soci\u00e1lneho zabezpe\u010denia - Milniky","isPartOf":{"@id":"https:\/\/milniky2023.flaw.uniba.sk\/#website"},"datePublished":"2021-05-17T11:48:24+00:00","dateModified":"2024-05-31T08:58:00+00:00","breadcrumb":{"@id":"https:\/\/milniky2023.flaw.uniba.sk\/sekcia-pracovneho-prava\/#breadcrumb"},"inLanguage":"en-US","potentialAction":[{"@type":"ReadAction","target":["https:\/\/milniky2023.flaw.uniba.sk\/sekcia-pracovneho-prava\/"]}]},{"@type":"BreadcrumbList","@id":"https:\/\/milniky2023.flaw.uniba.sk\/sekcia-pracovneho-prava\/#breadcrumb","itemListElement":[{"@type":"ListItem","position":1,"name":"Home","item":"https:\/\/milniky2023.flaw.uniba.sk\/"},{"@type":"ListItem","position":2,"name":"Sekcia pracovn\u00e9ho pr\u00e1va a pr\u00e1va soci\u00e1lneho zabezpe\u010denia"}]},{"@type":"WebSite","@id":"https:\/\/milniky2023.flaw.uniba.sk\/#website","url":"https:\/\/milniky2023.flaw.uniba.sk\/","name":"Milestones","description":"","publisher":{"@id":"https:\/\/milniky2023.flaw.uniba.sk\/#organization"},"potentialAction":[{"@type":"SearchAction","target":{"@type":"EntryPoint","urlTemplate":"https:\/\/milniky2023.flaw.uniba.sk\/?s={search_term_string}"},"query-input":{"@type":"PropertyValueSpecification","valueRequired":true,"valueName":"search_term_string"}}],"inLanguage":"en-US"},{"@type":"Organization","@id":"https:\/\/milniky2023.flaw.uniba.sk\/#organization","name":"Milestones","url":"https:\/\/milniky2023.flaw.uniba.sk\/","logo":{"@type":"ImageObject","inLanguage":"en-US","@id":"https:\/\/milniky2023.flaw.uniba.sk\/#\/schema\/logo\/image\/","url":"https:\/\/milniky2023.flaw.uniba.sk\/wp-content\/uploads\/2024\/05\/sk-milniky-bc.png","contentUrl":"https:\/\/milniky2023.flaw.uniba.sk\/wp-content\/uploads\/2024\/05\/sk-milniky-bc.png","width":3219,"height":845,"caption":"Milniky"},"image":{"@id":"https:\/\/milniky2023.flaw.uniba.sk\/#\/schema\/logo\/image\/"}}]}},"_links":{"self":[{"href":"https:\/\/milniky2023.flaw.uniba.sk\/en\/wp-json\/wp\/v2\/pages\/140","targetHints":{"allow":["GET"]}}],"collection":[{"href":"https:\/\/milniky2023.flaw.uniba.sk\/en\/wp-json\/wp\/v2\/pages"}],"about":[{"href":"https:\/\/milniky2023.flaw.uniba.sk\/en\/wp-json\/wp\/v2\/types\/page"}],"author":[{"embeddable":true,"href":"https:\/\/milniky2023.flaw.uniba.sk\/en\/wp-json\/wp\/v2\/users\/2"}],"replies":[{"embeddable":true,"href":"https:\/\/milniky2023.flaw.uniba.sk\/en\/wp-json\/wp\/v2\/comments?post=140"}],"version-history":[{"count":6,"href":"https:\/\/milniky2023.flaw.uniba.sk\/en\/wp-json\/wp\/v2\/pages\/140\/revisions"}],"predecessor-version":[{"id":790,"href":"https:\/\/milniky2023.flaw.uniba.sk\/en\/wp-json\/wp\/v2\/pages\/140\/revisions\/790"}],"wp:attachment":[{"href":"https:\/\/milniky2023.flaw.uniba.sk\/en\/wp-json\/wp\/v2\/media?parent=140"}],"curies":[{"name":"wp","href":"https:\/\/api.w.org\/{rel}","templated":true}]}}

<p>Krízy a ich vplyv na pracovné právo Posledné roky sú poznačené sériou krízových situácií, ktoré ovplyvnili spoločenskú a ekonomickú situáciu v regionálnom i celosvetovom meradle. Banková kríza vyvolaná krízou hodnôt, zvýšená ekonomická a politická migrácia, celosvetová pandémia ochorenia Covid 19, energetická kríza a vojna na európskom kontinente vyvolávajú potrebu reakcie zo strany spoločnosti. Témou sekcie [&hellip;]</p>

<!-- This site is optimized with the Yoast SEO plugin v27.2 - https://yoast.com/product/yoast-seo-wordpress/ -->
<title>Sekcia pracovného práva a práva sociálneho zabezpečenia - Milniky</title>
<meta name="robots" content="noindex, follow, max-snippet:-1, max-image-preview:large, max-video-preview:-1" />
<meta property="og:locale" content="en_US" />
<meta property="og:type" content="article" />
<meta property="og:title" content="Sekcia pracovného práva a práva sociálneho zabezpečenia - Milniky" />
<meta property="og:description" content="Krízy a ich vplyv na pracovné právo Posledné roky sú poznačené sériou krízových situácií, ktoré ovplyvnili spoločenskú a ekonomickú situáciu v regionálnom i celosvetovom meradle. Banková kríza vyvolaná krízou hodnôt, zvýšená ekonomická a politická migrácia, celosvetová pandémia ochorenia Covid 19, energetická kríza a vojna na európskom kontinente vyvolávajú potrebu reakcie zo strany spoločnosti. Témou sekcie [&hellip;]" />
<meta property="og:url" content="https://milniky2023.flaw.uniba.sk/en/sekcia-pracovneho-prava/" />
<meta property="og:site_name" content="Milniky" />
<meta property="article:modified_time" content="2024-05-31T08:58:00+00:00" />
<meta name="twitter:card" content="summary_large_image" />
<meta name="twitter:label1" content="Est. reading time" />
	<meta name="twitter:data1" content="1 minute" />
<script type="application/ld+json" class="yoast-schema-graph">{"@context":"https://schema.org","@graph":[{"@type":"WebPage","@id":"https://milniky2023.flaw.uniba.sk/sekcia-pracovneho-prava/","url":"https://milniky2023.flaw.uniba.sk/sekcia-pracovneho-prava/","name":"Sekcia pracovného práva a práva sociálneho zabezpečenia - Milniky","isPartOf":{"@id":"https://milniky2023.flaw.uniba.sk/#website"},"datePublished":"2021-05-17T11:48:24+00:00","dateModified":"2024-05-31T08:58:00+00:00","breadcrumb":{"@id":"https://milniky2023.flaw.uniba.sk/sekcia-pracovneho-prava/#breadcrumb"},"inLanguage":"en-US","potentialAction":[{"@type":"ReadAction","target":["https://milniky2023.flaw.uniba.sk/sekcia-pracovneho-prava/"]}]},{"@type":"BreadcrumbList","@id":"https://milniky2023.flaw.uniba.sk/sekcia-pracovneho-prava/#breadcrumb","itemListElement":[{"@type":"ListItem","position":1,"name":"Home","item":"https://milniky2023.flaw.uniba.sk/"},{"@type":"ListItem","position":2,"name":"Sekcia pracovného práva a práva sociálneho zabezpečenia"}]},{"@type":"WebSite","@id":"https://milniky2023.flaw.uniba.sk/#website","url":"https://milniky2023.flaw.uniba.sk/","name":"Milniky","description":"","publisher":{"@id":"https://milniky2023.flaw.uniba.sk/#organization"},"potentialAction":[{"@type":"SearchAction","target":{"@type":"EntryPoint","urlTemplate":"https://milniky2023.flaw.uniba.sk/?s={search_term_string}"},"query-input":{"@type":"PropertyValueSpecification","valueRequired":true,"valueName":"search_term_string"}}],"inLanguage":"en-US"},{"@type":"Organization","@id":"https://milniky2023.flaw.uniba.sk/#organization","name":"Milniky","url":"https://milniky2023.flaw.uniba.sk/","logo":{"@type":"ImageObject","inLanguage":"en-US","@id":"https://milniky2023.flaw.uniba.sk/#/schema/logo/image/","url":"https://milniky2023.flaw.uniba.sk/wp-content/uploads/2024/05/sk-milniky-bc.png","contentUrl":"https://milniky2023.flaw.uniba.sk/wp-content/uploads/2024/05/sk-milniky-bc.png","width":3219,"height":845,"caption":"Milniky"},"image":{"@id":"https://milniky2023.flaw.uniba.sk/#/schema/logo/image/"}}]}</script>
<!-- / Yoast SEO plugin. -->

Sekcia pracovného práva a práva sociálneho zabezpečenia - Milniky

Krízy a ich vplyv na pracovné právo Posledné roky sú poznačené sériou krízových situácií, ktoré ovplyvnili spoločenskú a ekonomickú situáciu v regionálnom i celosvetovom meradle. Banková kríza vyvolaná krízou hodnôt, zvýšená ekonomická a politická migrácia, celosvetová pandémia ochorenia Covid 19, energetická kríza a vojna na európskom kontinente vyvolávajú potrebu reakcie zo strany spoločnosti. Témou sekcie [&hellip;]

Sekcia pracovného práva a práva sociálneho zabezpečenia
